 is the greatest common divisor of 451 and 615?
41
Calculate the greatest common divisor of 160 and 64.
32
Calculate the greatest common factor of 104 and 32.
8
What is the greatest common divisor of 64 and 16?
16
What is the highest common factor of 228 and 72?
12
What is the greatest common factor of 1488 and 32?
16
Calculate the highest common divisor of 650 and 104.
26
Calculate the greatest common divisor of 57 and 95.
19
Calculate the greatest common divisor of 4115 and 20.
5
What is the greatest common factor of 1133 and 22?
11
Calculate the greatest common divisor of 9 and 657.
9
What is the highest common divisor of 192 and 3?
3
Calculate the greatest common factor of 19 and 1919.
19
What is the greatest common factor of 12 and 116?
4
What is the highest common factor of 10 and 86?
2
What is the greatest common divisor of 2011 and 2?
1
Calculate the highest common factor of 1024 and 384.
128
Calculate the greatest common divisor of 5157 and 108.
27
What is the greatest common factor of 126 and 90?
18
What is the highest common factor of 1024 and 160?
32
What is the greatest common factor of 141 and 24?
3
What is the highest common divisor of 100 and 400?
100
Calculate the greatest common factor of 50 and 1640.
10
What is the highest common factor of 102 and 68?
34
Calculate the greatest common divisor of 35 and 56.
7
Calculate the highest common factor of 1350 and 50.
50
Calculate the highest common divisor of 7329 and 42.
21
Calculate the highest common factor of 34 and 2142.
34
What is the highest common divisor of 19 and 494?
19
Calculate the greatest common divisor of 27 and 99.
9
What is the greatest common divisor of 2358 and 180?
18
What is the greatest common divisor of 702 and 26?
26
What is the greatest common divisor of 7030 and 10?
10
What is the greatest common divisor of 279 and 651?
93
Calculate the highest common factor of 3824 and 16.
16
What is the greatest common factor of 111 and 9879?
111
What is the highest common divisor of 38 and 12?
2
Calculate the highest common divisor of 174 and 290.
58
What is the highest common divisor of 85 and 5?
5
What is the highest common factor of 3 and 3405?
3
What is the highest common divisor of 396 and 187?
11
Calculate the greatest common factor of 496 and 527.
31
Calculate the highest common divisor of 392 and 1813.
49
What is the greatest common factor of 260 and 40?
20
What is the highest common factor of 17 and 8653?
17
Calculate the highest common divisor of 1300 and 52.
52
What is the highest common factor of 276 and 360?
12
Calculate the highest common factor of 171 and 18.
9
What is the greatest common factor of 24 and 168?
24
What is the greatest common factor of 429 and 561?
33
What is the highest common divisor of 378 and 84?
42
What is the highest common factor of 105 and 20265?
105
Calculate the highest common factor of 17344 and 576.
64
Calculate the highest common factor of 708 and 15.
3
Calculate the highest common divisor of 21 and 1323.
21
What is the greatest common factor of 151 and 2416?
151
Calculate the greatest common factor of 3438 and 144.
18
Calculate the highest common factor of 162 and 90.
18
Calculate the highest common factor of 61888 and 64.
64
What is the greatest common factor of 6764 and 152?
76
What is the highest common divisor of 50 and 4475?
25
Calculate the highest common factor of 14357 and 98.
49
What is the highest common factor of 333 and 1887?
111
Calculate the greatest common divisor of 15 and 1215.
15
Calculate the greatest common factor of 15 and 7665.
15
What is the greatest common divisor of 294 and 14?
14
What is the greatest common divisor of 1226 and 2?
2
What is the highest common factor of 40 and 360?
40
Calculate the greatest common factor of 127 and 42799.
127
Calculate the highest common factor of 572 and 988.
52
Calculate the highest common factor of 6786 and 30.
6
Calculate the greatest common factor of 68 and 17.
17
Calculate the greatest common divisor of 142 and 8.
2
Calculate the greatest common divisor of 21 and 133.
7
Calculate the highest common factor of 6 and 618.
6
What is the highest common divisor of 1421 and 58?
29
What is the greatest common divisor of 4171 and 387?
43
What is the highest common factor of 3597 and 66?
33
Calculate the highest common factor of 81 and 1.
1
Calculate the greatest common factor of 150 and 6.
6
Calculate the highest common divisor of 42 and 406.
14
What is the highest common divisor of 41 and 451?
41
Calculate the highest common factor of 138 and 92.
46
Calculate the highest common divisor of 684 and 72.
36
Calculate the greatest common factor of 184 and 1495.
23
Calculate the highest common factor of 4 and 596.
4
What is the greatest common factor of 33 and 1551?
33
Calculate the highest common divisor of 858 and 12.
6
Calculate the greatest common factor of 513 and 19.
19
Calculate the greatest common divisor of 255 and 3315.
255
Calculate the highest common divisor of 48 and 264.
24
Calculate the greatest common divisor of 62 and 1798.
62
What is the highest common factor of 6 and 822?
6
What is the highest common factor of 4352 and 17?
17
What is the highest common factor of 33 and 57?
3
Calculate the highest common divisor of 39 and 1690.
13
What is the greatest common divisor of 10395 and 270?
135
What is the highest common divisor of 27 and 27?
27
Calculate the highest common factor of 6 and 48.
6
Calculate the greatest common divisor of 162 and 72.
18
What is the greatest common factor of 26 and 273?
13
What is the greatest common divisor of 53 and 13992?
53
What is the greatest common factor of 72 and 9?
9
What is the highest common divisor of 125 and 103500?
125
What is the highest common divisor of 4440 and 48?
24
Calculate the highest common divisor of 96 and 2544.
48
What is the greatest common factor of 528 and 3576?
24
Calculate the greatest common factor of 45167 and 47.
47
Calculate the highest common factor of 72 and 1422.
18
Calculate the highest common divisor of 5184 and 1134.
162
What is the highest common factor of 276 and 1012?
92
What is the greatest common divisor of 23 and 851?
23
Calculate the highest common factor of 1479 and 102.
51
What is the highest common factor of 115 and 920?
115
What is the highest common factor of 14685 and 120?
15
Calculate the greatest common factor of 81 and 279.
9
Calculate the highest common factor of 186 and 3999.
93
What is the highest common factor of 5103 and 189?
189
Calculate the highest common divisor of 2 and 32.
2
What is the greatest common factor of 17 and 374?
17
Calculate the highest common factor of 128 and 40.
8
What is the highest common factor of 44 and 12?
4
What is the highest common factor of 143 and 33?
11
What is the greatest common divisor of 100 and 32?
4
What is the highest common factor of 1665 and 135?
45
Calculate the highest common divisor of 52 and 52.
52
What is the highest common factor of 81 and 225?
9
What is the greatest common divisor of 256 and 8?
8
Calculate the greatest common factor of 6438 and 116.
58
Calculate the greatest common divisor of 352 and 33.
11
Calculate the greatest common divisor of 25 and 775.
25
What is the highest common factor of 116 and 3625?
29
What is the highest common factor of 192 and 448?
64
Calculate the greatest common divisor of 2 and 113.
1
What is the highest common divisor of 22 and 12034?
22
What is the greatest common factor of 8 and 344?
8
What is the greatest common factor of 1450 and 116?
58
What is the highest common divisor of 28 and 4?
4
What is the highest common divisor of 41 and 2337?
41
What is the highest common divisor of 87 and 116?
29
What is the highest common factor of 504 and 14?
14
Calculate the greatest common factor of 11136 and 87.
87
What is the highest common factor of 17 and 272?
17
Calculate the greatest common divisor of 599 and 1.
1
Calculate the highest common factor of 27 and 2133.
27
Calculate the highest common divisor of 323 and 57.
19
Calculate the highest common divisor of 1825 and 1679.
73
What is the highest common factor of 18 and 2?
2
Calculate the greatest common factor of 84 and 1164.
12
Calculate the greatest common factor of 120 and 90.
30
What is the greatest common factor of 629 and 37?
37
What is